-2*z + 2 = -6. Calculate the remainder when u(q) is divided by c.
3
Suppose 0 = 247*a - 9006 + 2337. What is the remainder when 972 is divided by a?
0
Let a = -952 - -1364. Let w = 90 - 7. What is the remainder when a is divided by w?
80
Let n(t) = 122*t - 7079. What is the remainder when n(118) is divided by 13?
11
Suppose 2*i = -n - 219, 5*n + 3*i + 245 = -878. Let x = -122 - n. Calculate the remainder when x is divided by 23.
13
Let k be (-4)/18 - 2/(-9). Suppose y + k*y = 20. Calculate the remainder when 4/5*(-5)/(-3) - (-1136)/12 is divided by y.
16
Calculate the remainder when (-4472)/688*3194/(-13) is divided by 177.
4
Let f = 177 + -162. Suppose -4731 - 84 = -f*l. Calculate the remainder when l is divided by 19.
17
Suppose -9*k + 7*k + 16551 = 3*n, n + 16563 = 2*k. Suppose 46*g - k = 26*g. What is the remainder when g is divided by 105?
99
What is the remainder when 2577 is divided by 5/(30/(-4))*(-83 + -7)?
57
Suppose -c + 4*v + 21 = 0, -v - 55 = -4*c + 44. Let s = -170 - -134. Calculate the remainder when (-3144)/(-54) - (-8)/s is divided by c.
8
Suppose 118 = -4*i + 6*i. Suppose 672*r = 665*r + 210. Calculate the remainder when i is divided by r.
29
Let w be 88/(-3)*(26/(-4) + -1). Suppose 9*c = -2*c + w. Suppose 0 = r + o - 11, -o + 41 = 3*r + 4*o. What is the remainder when c is divided by r?
6
Let g(j) = -j - 1. Let x(a) = 10*a**2 + 1019*a + 28. What is the remainder when x(-102) is divided by g(-7)?
4
Suppose -304152 = -11*c - 38*c - 43*c. What is the remainder when c is divided by 48?
42
Let w be (7 + 2)/3 - (0 + -1). Suppose 4*u + 4*j - 400 = 0, -w*u - 180 + 578 = 5*j. Suppose -3*i - 18 = -u. What is the remainder when 54 is divided by i?
26
Let t(d) = -2*d**3 - d**2 - 4*d. Let z be t(2). Calculate the remainder when 136 is divided by 70*2/z*-7.
31
Let x = -575 - -580. Suppose x*w - 112 = 3*c, 3*w + 3*c - 9 - 39 = 0. Let v = 213 + -114. Calculate the remainder when v is divided by w.
19
Let g(v) = -v. Calculate the remainder when 211 is divided by g(-24).
19
Suppose 0 = -307*u - 23*u + 94050. What is the remainder when 2537 is divided by u?
257
Suppose -4*y + 334 = -326. Let l = -19224 - -19238. What is the remainder when y is divided by l?
11
Suppose -2304 = 22*c - 7078. Let p = c + -194. What is the remainder when 131 is divided by p?
16
Calculate the remainder when (-136955)/(-258)*(-3 - -9) is divided by 27.
26
Suppose -k - 6 = 0, 406*u - 411*u = -5*k - 2155. Calculate the remainder when u is divided by 28.
5
Suppose 0 = 3*r + 3*k - 3 - 3, -2*r - 5*k - 20 = 0. Calculate the remainder when 4579 is divided by r.
9
Let j(w) = -w**3 + 137*w**2 - 659*w - 129. Let g(r) = 2*r**2 - 9*r + 6. What is the remainder when g(6) is divided by j(132)?
0
Suppose -6*m + 7*m = -3*m + 368. Calculate the remainder when 283 is divided by m.
7
Let l be 25/12 - (-5)/(-60). Calculate the remainder when 28 is divided by 301/(-43) + (19 - l).
8
Let z(t) = 59*t**3 + 6*t + 6. Let g be z(-2). Let m = -356 - g. What is the remainder when m is divided by 36?
14
Suppose 608*y - 379*y - 1172022 = 0. What is the remainder when y is divided by 5106?
12
Suppose -5*k + 8 + 176 = -2*m, -k - 2*m = -32. Let g be (-41)/(4/k*-3*3). Suppose g = -9*x + 167. What is the remainder when 55 is divided by x?
13
Suppose -75 = -2929*r + 2924*r. What is the remainder when 3149 is divided by r?
14
Let t be 0*((-10)/(-30) + (-8)/(-12)). Suppose 71*a - 721 - 4249 = t. What is the remainder when a is divided by 4?
2
Let z = 125 + -237. Let d be (4/(-8)*2)/(1/z). Let s = -21 + d. Calculate the remainder when s is divided by 24.
19
Suppose 0 = -6181*k + 6191*k - 170. Suppose -2*a - 150 = -3*r, -40 = -2*r + 4*a + 68. What is the remainder when r is divided by k?
14
Suppose 3*b + 138 - 411 = 0. Suppose b = k + z, 76 = 3*k + 2*z - 199. What is the remainder when k is divided by 14?
9
Let z(j) = j + 14. Let t(i) = 18 - 29 + 3*i + 16 + 14. Let r be t(-10). What is the remainder when 7 is divided by z(r)?
1
Let a be -44*(4/(-20))/((-4)/(-30)). Let p = a + -63. Suppose 0 = -4*o + 5*o - m - 5, p*m = 5*o - 27. What is the remainder when o is divided by 3?
0
Let a = -32 - -39. Suppose q = a*q + 30. Let i(h) = -h**3 + 3*h**2 + 5*h - 16. What is the remainder when i(q) is divided by 27?
24
Let v = -110 - -112. Suppose 4*h + v*q - 440 = 0, 0 = 4*h - 3*h + 3*q - 100. What is the remainder when h is divided by 3?
1
Let f = -414 + 631. Let b = -212 + f. What is the remainder when 28 is divided by b?
3
Suppose -8811 = -857*p + 758*p. Suppose -3*t + 4*t + 4 = 0. What is the remainder when p is divided by 2/(t/2) - -31?
29
Suppose 59*c - 1172 = -228. Calculate the remainder when 6925 is divided by c.
13
Suppose -3*f = 0, -3*f + 4 = 4*h - f. Let v(u) = u**2 - 6*u + 150. Calculate the remainder when v(0) is divided by 3/h + (-144)/(-9).
17
Suppose -4*o - 100839 + 103539 = 0. What is the remainder when 1469 is divided by o?
119
Calculate the remainder when 2010 is divided by (54/(-24))/(-8 + (-1134)/(-144)).
12
Calculate the remainder when 27626/114 + 1/(-3) is divided by 69.
35
Let a be -2 - -2 - (-4)/(-3)*24. Let y = a - -35. Suppose -6*u + y*u + 36 = 0. Calculate the remainder when 153 is divided by u.
9
Suppose -2*k - 500 = -4*y + 186, -4*y = 2*k + 646. Let m = -275 - k. What is the remainder when 111 is divided by m?
53
Calculate the remainder when (6/(-8))/(26/(-728)) is divided by 21.
0
What is the remainder when 7/14 + (0 - (-40)/(-16)) + 6311 is divided by 59?
55
Let h = -7 - -14. Suppose 0*f - 119 = -h*f. Let w = 39 - f. What is the remainder when w is divided by 6?
4
Suppose 5*x = 15 - 45. Let h(d) be the third derivative of -3*d**4/8 - 31*d**3/6 - 26*d**2. Calculate the remainder when 113 is divided by h(x).
21
Let m = 6623 - 6410. Calculate the remainder when m is divided by 22.
15
Let j = 30518 - 30381. What is the remainder when 5744 is divided by j?
127
Suppose -2*v + 4*v - 5 = -3*b, 15 = 5*v + 5*b. Let j be (-47)/(-1)*(-7 - -5). Let p = 101 + j. Calculate the remainder when p is divided by v.
3
Let l = -4031 - -4853. Calculate the remainder when l is divided by 103.
101
Let d be 3/(-2*(-15)/(-10)). Let u(x) = 7*x**2 - 4*x - 3. What is the remainder when 23 is divided by u(d)?
7
Let n(a) = 10*a**2 + 3*a - 105. Let k(u) = 28*u**2 + 8*u - 312. Let q(l) = -6*k(l) + 17*n(l). What is the remainder when q(-7) is divided by 84?
80
Suppose 2*c = 3*g + 472, 4*g - c + 620 = -3*c. Let z = g - -220. Calculate the remainder when z is divided by (-11 - (36/2 + -38)) + (14 - 1).
20
Suppose -4*a - 2*u = -2*a - 8, 5*a - 4*u - 38 = 0. Suppose 2*w = 14 - 0. Calculate the remainder when (a + 0)/12*20 is divided by w.
3
Suppose -4*o - 74*x + 75*x = -75, -5*x = 5*o - 50. What is the remainder when 217 is divided by o?
13
Let w = -147 + 157. Suppose -199 = -5*j + 5*r + 101, -5*r = w. What is the remainder when j is divided by 21?
16
What is the remainder when 587 is divided by 275/1 - (-66 - -54)?
13
Suppose 0 = -4*b + 3*k + 1727, -k - 565 - 300 = -2*b. What is the remainder when b is divided by 35?
14
Let r(k) = 4*k**2 - 3*k + 2. Let o be r(1). Let j(l) = l**3 - 3*l**2 + 2*l + 4. Let u be j(o). Calculate the remainder when 94 is divided by 30*(-1 - (-18)/u).
22
Suppose 4*z - 3*g - 69 = 26, 3*z = 4*g + 59. Suppose 5*q = -y - 17, -y - 2*q = q + 7. Calculate the remainder when z is divided by y.
5
Suppose 5*i = -15, -2*d - 3*i + 17 = -16. Calculate the remainder when 19212 is divided by d.
18
Let u(l) = -l**2 - 40*l - 102. Let m(j) = 2*j**3 + 6*j**2 - 3*j - 7. Let t be m(-4). What is the remainder when u(t) is divided by 28?
25
Suppose 4*n = 2*u - 1106, -5*u - 3*n = -3148 + 396. Let i = u - 488. Calculate the remainder when i is divided by 34.
29
Let m(x) = -x**2 + 92*x - 1144. What is the remainder when 37 is divided by m(15)?
4
Suppose 4*i - 32 = 3*f, 0 = -2*i + 2*f + 11 + 7. Suppose -i*m + 2*g = -m - 734, 552 = 3*m - 3*g. Calculate the remainder when m is divided by 64.
55
Let v be (-4)/(-3)*9/(-6)*-20. Let d = v + -10. What is the remainder when 1/(1/18)*d/12 is divided by 16?
13
Suppose -v = -6*k + 9*k + 8, v = -k. Suppose v*r - a = 460, -3*r + a - 134 + 478 = 0. What is the remainder when r is divided by 38?
2
Let o = -40 - -73. What is the remainder when (-26*16/(-416))/(1/181) is divided by o?
16
L